
7
What is the value of (-2 + -4 - (1 + -3)) + -146 + 137?
-13
What is (-11 + -2 - -12) + 7 - 16?
-10
Evaluate (6 - (-16 - 2 - -3)) + (17 - 21).
17
Evaluate 35 - 4 - 12 - (2 + 7).
10
Evaluate -3 + 8 + -3 + (5 - (-1 + 5)).
3
What is (3 - 14) + 19 + -14 + 0?
-6
What is (-4 - 6) + 20 + 8 - 13?
5
Calculate (-17 - -1) + 13 - -6.
3
What is (-16 - -1 - -33 - -17) + 0?
35
Evaluate (-1 - (-3 - -2)) + 23 + -27 + 11.
7
(-344 - -358) + -14 + 1
1
296 - 277 - (11 + -1)
9
Calculate (-4 - (13 - 8)) + 8.
-1
What is the value of 8 - 2 - (17 + (-2 - (-29 + 13)))?
-25
Calculate (-4 - -1) + (-4 - (-7 - 0)) + 1.
1
What is the value of -13 - (-7 - (7 - 8))?
-7
Evaluate -24 + 6 + (2 - (-4 - (4 - 7))).
-15
(-1 - -5 - -1) + 11 + 9 + -13
12
Evaluate -3 + (-6 - -13) - (6 - (14 + -5)).
7
Evaluate -5 - (-12 + 0) - 0 - (2 - -1).
4
42 + (14 - (17 - -1)) + -6
32
Evaluate (9 - (-3 - (-19 - -9) - -20)) + 3.
-15
What is 7 + (-21 + -4 - (-37 + 45))?
-26
What is 9 - (8 - (-12 + (19 - -6)))?
14
Calculate -24 + 38 - (12 + -3) - -22.
27
(-4 - -2) + (-5 - 12) + 16
-3
Evaluate 28 + -42 + 7 + 1.
-6
What is the value of -2 + 21 - (-53 + 67 - (-5 - -19))?
19
7 - (2 + (0 - -14)) - -20 - -9
20
What is the value of 0 + -3 - (344 - 347)?
0
Evaluate 13 - (-30 - (-14 + -1) - -12).
16
Evaluate -5 - (-8 - -19) - -9.
-7
Calculate -16 + (19 - -5) - (-19 + 11).
16
(18 - -8) + -40 + -5
-19
What is (13 - (22 - 9)) + 0?
0
Evaluate 7 + -11 - (-2 + -14).
12
What is (-1 - -3) + (-20 - 2) - (165 - 171)?
-14
What is 41 + (-42 - (-30 + -5))?
34
What is (-3 - (-5 - (-3 + -6))) + -6?
-13
13 - ((-5 - -14) + -3)
7
Evaluate -7 + (6 - (6 - (3 + (0 - 0)))).
-4
-4 - (9 - 0 - 3 - 13)
3
Evaluate 3 + -4 - (-15 - ((-10 - 2) + 8)).
10
What is the value of 1 + -29 - (1484 - 1491)?
-21
What is the value of 9 + -5 + 0 - (5 + -5 + 11)?
-7
Evaluate -69 + 82 + (-10 - -3).
6
-3 - (-11 + 0 + 14) - (-2 + -1)
-3
Calculate (2 - 5 - -4) + 6 + (-26 - -11).
-8
Calculate 0 - (-3 + -2) - ((2 - -17) + -5).
-9
What is (-16 - (11 + -18)) + 26?
17
What is -13 + -6 + 16 - (2 - -1)?
-6
What is the value of 14 + -10 + 9 - 30?
-17
What is -13 - (13 + -15) - -9?
-2
((0 - -1) + 1 - -1) + 92 + -89
6
(-11 - 1) + (14 - 0)
2
What is the value of 3 - (0 + 27) - -31?
7
Evaluate -7 + (8 - (23 + -3)) - (0 + -3).
-16
What is (-2 - 9) + -10 + 10 + (-8 - -8)?
-11
-12 - (0 + 9 - ((8 - 9) + 4))
-18
What is 2 + 12 + -30 - -12?
-4
15 + (-8 - -14) + -13
8
(2 + 1 + (-9 - 2) - 16) + -4
-28
Evaluate 20 + -11 - 16 - -45.
38
What is the value of 34 + (3 - (0 + 9 + 0))?
28
Calculate (18 + -11 - (-3 - -5)) + 6.
11
What is the value of -31 - (14 - -2 - 39)?
-8
What is 30 - (4 - (15 + -24))?
17
Evaluate 15 + (-1 - -1 - 6).
9
Calculate -31 - -25 - ((0 - -1) + -33 + 37).
-11
What is -28 + (44 - 43) + 12?
-15
What is the value of -8 + (-15 + 6 - -32)?
15
Evaluate 1 - 18 - (-4 - 2 - (7 + -7)).
-11
What is -15 + 33 + -5 + 5 + -1 - 6?
11
What is (-1 - 0 - -5) + -4 + 1?
1
Calculate -7 + 8 + -12 + (1 - 0) + -22.
-32
3 - -4 - (18 + -11 + -9)
9
-2 + 34 - (-182 + 189 - (-2 - 3))
20
2 - (-43 + 30 - -13)
2
What is 1 + -3 + (-14 - (-2 - 5 - -2))?
-11
-9 + 6 + 23 + -5
15
Calculate 20 - 11 - 13 - (3 - 15 - -1).
7
Calculate -4 - (-5 + 12 + 0).
-11
Evaluate -27 - (16 + -29) - -22.
8
(1 - (-4 - 0)) + 42 + -60
-13
What is the value of 10 - (45 - (42 - 26))?
-19
What is (-11 + 3 - -1 - (-31 + 19)) + 12?
17
Evaluate -2 - (22 + -11 + -22).
9
What is 16 + -5 - 7 - (-1 + 0 + 7)?
-2
Evaluate -6 + (5 - 11 - -10 - 0) - -17.
15
10 - (11 + (-16 - -15))
0
Evaluate 15 + 0 - 36 - -13.
-8
Evaluate 0 + 19 + (12 - 10) - 8.
13
Calculate -8 + 2 - -2 - -25 - 9 - -6.
18
Calculate -3 + 34 + -163 + 139.
7
What is 23 - (1 + -9 - (85 - 93))?
23
(1 - -10) + (-4 - (5 + -1 + -7))
10
Calculate (-5 - (2 + -3)) + (-22 + 32 - 26).
-20
Calculate 4 + 10 + -12 + 2 + -7 + -3.
-6
What is (-59 - (28 - 58)) + 12?
-17
What is the value of 1 + -12 + (35 + -48 - -15)?
-9
2 + 1 - (2 - -21)
-20
What is -21 + -6 + (9 - 5 - -12)?
-11
Evaluate (-8 - -14 - 1) + (7 - 18) + 7.
1
Calculate -15 + 5 - 6 - -14.
-2
Evaluate -17 - ((-1 - 1) + -6) - -25.
16
13 + -13 + (9 - -1)
10
Calculate -20 - (13 + (31 - 57)).
-7
-10 + -41 - -47 - 18
-22
Evaluate (-24 - -19) + 4 + 4 + -3 + 7.
7
Calculate -8 + 15 + -1 + -16.
-10
-5 - -2 - (1 - (-6 - (0 + -6)))
-4
What is (0 - 1) + (-7 - (13 + (13 - 35)))?
1
What is 10 - (12 - (-15 + 8 + 12))?
3
1 + (-1 - 11) - (-250 - -244)
-5
What is -25 + -7 + 2 - -21?
-9
Calculate 2 + 26 + (-86 + 91 - (-1 + 2)).
32
What is the value of (6 - (4 + -1)) + -5?
-2
Calculate -5 - (-11 - 1) - 9.
-2
Calculate (50 + -56 - (-1 + -3) - 0) + -9.
-11
Evaluate -44 - (-3 + 19 - (-57 + 85)).
-32
Calculate (-20 - -39) + (-35 - -2).
-14
What is -1 + (35 - (-29 + 30))?
33
-9 - 1 - 4 - -6 - (-23 - 0)
15
Evaluate -194 + 214 - (1 + 8).
11
What is 6 + 34 - (33 + -26 + 8)?
25
What is the value of -1 + 5 + 2 + (-14 - -29 - 12)?
9
What is the value of 21 - (-33 - -16) - 5?
33
Evaluate (-6 - -1) + -171 + 170.
-6
What is -5 + (-2 - -4) + (200 - 197)?
0
What is -2 + (0 - (-3 + -15)) + -3 + -4?
9
What is -2 - (-58 - -53 - (1 + -8))?
-4
Calculate -4 - ((-19 - -11) + 23).
-19
9 + -17 + 0 + -4 + 8 + 3
-1
What is the value of (-15 - (17 + -33)) + 2?
3
What is the value of -3 + 8 + (18 - (1 - -5)) + 8?
25
What is -13 + 4 + (-2 - -4)?
-7
Calculate (3 + 33 - 12) + -7.
17
What is the value of 7 - 14 - (-8 - (-6 + 0))?
-5
Calculate 35 + -60 + (3 - -12).
-10
What is (0 - 0) + -3 + -3 + -81 + 88?
1
Calculate 52 - 68 - (0 - 19).
3
Evaluate (0 - (-5 - -2)) + (2 - -1) + -3.
3
Evaluate -7 - (-3 - (-18 + 7 - -10) - 37).
32
Calculate -3 - (-9 + 25) - 4.
-23
Calculate -4 - 5 - (44 - 47).
-6
2 + 2 - (22 + -7 + -8)
-3
What is 25 + (-16 - -12) + -48?
-27
What is the value of -3 - -6 - (-8 + 16 + 4)?
-9
What is the value of -548 + 550 + -1 + -1 + -12?
-12
17 + -9 + -21 + -2
-15
Evaluate 2 + 3 + (20 - (-22 - -18)).
29
7 + (-1 - (-4 - -6)) + 1 + 4
9
Calculate -5 + 0 - (-13 - (8 - (29 + -8))).
-5
Calculate 28 - (-16 + 21 + 0 - 10).
33
What is the value of 7 + -1 + (-20 - -29 - 15) - -7?
7
Calculate (-2 - -19) + -25 - -13.
5
What is the value of -24 - ((-35 - -16) + 15)?
-20
7 + (-5 - (8 - (-5 - -2)))
-9
Evaluate (15 - 20) + -1 + 4 + -9.
-11
What is 0 - 2 - (3 - (-11 + 3))?
-13
What is the value of 2 + 2 - (31 + -21)?
-6
Evaluate -12 + (6 - 5) - (-82 + 51).
20
What is 1 + 9 - (6 + (-4 - -3))?
5
What is ((4 - 3) + 0 - (-12 - 1)) + -3?
11
Calculate (-19 - -23 - 12) + -6.
-14
Evaluate -22 + (24 - -1) + 12 + 2 + 2.
19
Calculate (-8 - 0 - (-35 - (-67 - -14))) + 4.
-22
What is the value of -1 - -1 - (-12 + 5 + -2)?
9
11 - (-3 - ((-8 - (4 + -11)) + -5))
8
Evaluate (-8 - (1 + -17 - -18)) + 8.
-2
What is (36 - 27) + (-3 - 29 - -1)?
-22
24 - -3 - (76 - 74)
25
What is (-39 - 4) + 18 + 27?
2
Evaluate -5 + (2 - (-9 - -17)) + 27.
16
What is (19 - (-1 + 17)) + 0 + 0 + -19?
-16
What is the value of 1 + 22 + -373 + 354 - (16 + 0)?
-12
19 + (-12 + 12 - 9) + 6
16
Calculate -64 - -42 - (-22 + 3).
-3
Calculate (7 - 4 - (6 + -3)) + 9.
9
What is the value of 13 - (-42 - -23 - -30)?
2
What is the value of -19 - (2 + -14 + 1)?
-8
What is 34 + (-50 - -17) - (-24 + 1)?
24
-5319 - -5350 - (-1 + (6 - -1) - 0)
25
What is 25 - 1 - ((-1 - 2) + 15)?
12
What is -1206 + 1237 + -1 + -23?
7
What is (4 - 8) + (-2 - 2) + (-7 - -4)?
-11
Evaluate (0 + -14 - -28) + -24.
-10
Calculate (0 - 12) + -541 + 555 - (-6 - 1).
9
Evaluate -66 + 56 - ((4 - 3) + 8).
-19
-28 - (-31 + 4 - 11)
10
Calculate -23 - (-10 - (5 + -6 + 3 + -7)).
-18
Evaluate 6 - (-2 + 16 + 7 + -4).
-11
What is (-1 - (-21 - -13)) + -19?
-12
7 + 0 - (-3 + (-5 - 0) + 8)
7
Calculate 24 - (-13 + -6 + 46).
-3
What is 4 + 6 + -2 + (-15 - -14)?
7
What is the value of (-147 - -148) + (-6 - -17)?
12
What is the value of -2 - (-4 + -1 + 9 + -6)?
0
Calculate -12 + (-18 - 1) - -26.
-5
What is (-27 - (-33 - -18)) + -4?
-16
Evaluate 11 - 12 - (-7 + 7 - (3 - 1)).
1
Calculate -6 + -5 + 9 + (2 + 2 - 4).
-2
What is the value of 6 - (-5 + 6 - 0 - -20)?
-15
2 + 0 - (-29 + -28 - -30)
29
What is (-8 - (-27 + -12)) + (-9 - 1)?
21
Evaluate 10 + (26 - 25) + -22.
-11
Calculate -3 + -7 - ((-4 - 3) + -10).
7
Calculate 9 - (3 - (-4 + -4 + 6)).
4
Calculate 28 + (-2 + 15 + 4 - 35).
10
-5 + (3 - -7) + (3 - (2 - 3))
9
Calculate -22 + (1 + -13 - (-14 + -4)).
-16
What is the value of -20 -